{"id":183,"date":"2013-08-12T19:44:57","date_gmt":"2013-08-12T17:44:57","guid":{"rendered":"http:\/\/www.feuerwehr-kuden.de\/wcms\/?page_id=183"},"modified":"2013-08-12T19:51:41","modified_gmt":"2013-08-12T17:51:41","slug":"rauchmelder-retten-ihr-leben","status":"publish","type":"page","link":"https:\/\/www.feuerwehr-kuden.de\/wcms\/ihre-sicherheit\/rauchmelder-retten-ihr-leben\/","title":{"rendered":"Rauchmelder retten Ihr Leben"},"content":{"rendered":"<p>200.000 Br\u00e4nde in Deutschland pro Jahr haben ca.\u00a0450 Todesopfer\u00a0zur Folge, davon sind ein Drittel Kinder und ein weiteres Drittel Senioren. Die meisten von ihnen sterben in Privathaushalten, weil Sie die Gefahr eines Brandausbruches untersch\u00e4tzt haben. Als eine der h\u00e4ufigsten Brandursachen gelten elektrische Ger\u00e4te aller Art.<a href=\"http:\/\/www.feuerwehr-kuden.de\/wcms\/wp-content\/uploads\/2013\/08\/kabel-waesc-rauch1-a4.jpg\" data-rel=\"lightbox-image-0\" data-rl_title=\"\" data-rl_caption=\"\" title=\"\"><img loading=\"lazy\" class=\"alignright size-medium wp-image-184\" alt=\"kabel-waesc-rauch1-a4\" src=\"http:\/\/www.feuerwehr-kuden.de\/wcms\/wp-content\/uploads\/2013\/08\/kabel-waesc-rauch1-a4-300x203.jpg\" width=\"300\" height=\"203\" srcset=\"https:\/\/www.feuerwehr-kuden.de\/wcms\/wp-content\/uploads\/2013\/08\/kabel-waesc-rauch1-a4-300x203.jpg 300w, https:\/\/www.feuerwehr-kuden.de\/wcms\/wp-content\/uploads\/2013\/08\/kabel-waesc-rauch1-a4-1024x695.jpg 1024w\" sizes=\"(max-width: 300px) 100vw, 300px\" \/><\/a><\/p>\n<p><strong>In Schleswig-Holstein sind Rauchwarnmelder Pflicht in allen Kinderzimmern, Schlafr\u00e4umen sowie in Fluren, die als Fluchtwege genutzt werden<\/strong>.<\/p>\n<p>Am Tag werden die meisten Feuer schnell erkannt und Personen k\u00f6nnen schnell gerettet werden. Ein in der Nacht ausbrechendes Feuer wird dagegen meist sehr sp\u00e4t wahrgenommen \u2013 meist zu sp\u00e4t. Denn Nachts schl\u00e4ft auch der Geruchssinn des Menschen.\u00a095% aller Brandopfer sterben an einer\u00a0Rauchvergiftung<strong>. Ihnen bleiben heute in den modernen Wohnh\u00e4usern nur vier Minuten vom Zeitpunkt des Brandausbruches, um Ihr Haus gesichert verlassen zu k\u00f6nnen.<\/strong><\/p>\n<p>Rauchwarnmelder warnen rechtzeitig vor der Gefahr, noch bevor sich die t\u00f6dlichen Rauchgaskonzentrationen gebildet haben. Der laute Alarm des\u00a0Rauchwarnmelders (85 Dezibel) warnt Sie auch im Schlaf rechtzeitig vor der Brandgefahr und verschafft Ihnen so den n\u00f6tigen Vorsprung, um sich und Ihre Familie in Sicherheit bringen zu k\u00f6nnen.<\/p>\n<p>Die lebensrettenden Rauchwarnmelder sind nicht gr\u00f6\u00dfer als eine Kaffeetasse, unauff\u00e4llig, leicht zu installieren und \u00fcberall im Fachhandel erh\u00e4ltlich. Hochwertige Rauchmelder mit VdS-Pr\u00fcfzeichen funktionieren nach einem fotooptischen Prinzip, welches eine zuverl\u00e4ssige Raucherkennung und entsprechende Alarmierung erm\u00f6glicht. Rauchwarnmelder sollten batteriebetrieben sein, um auch bei Stromausfall zu funktionieren. Bevor die Batterie ausgetauscht werden muss, ert\u00f6nen bei diesen Ger\u00e4ten in der Regel 30 Tage vorab rechtzeitig erste Warnsignale. Um ganz sicher zu gehen, sollte man in regelm\u00e4\u00dfigen Abst\u00e4nden dennoch den Testknopf bet\u00e4tigen. Zudem sollte der Rauchwarnmelder einmal im Jahr mit einem Staubsauger von Verunreinigungen befreit werden.<\/p>\n<p>Kaufen Sie nur Rauchwarnmelder mit Vds-Pr\u00fcfzeichen. Die Montage ist Kinderleicht:\u00a0\u00a0Montieren Sie die\u00a0Halteplatte an der Decke und\u00a0setzen Sie\u00a0anschlie\u00dfend den\u00a0Rauchwarnmelder auf. Zwei Schrauben und fertig.\u00a0Investieren Sie in Ihr Leben und das ihrer Kinder.<\/p>\n<p><a href=\"http:\/\/www.rauchmelder-lebensretter.de\" target=\"_blank\">Rauchmelder retten Leben!<\/a><\/p>\n","protected":false},"excerpt":{"rendered":"200.000 Br\u00e4nde in Deutschland pro Jahr haben ca.\u00a0450 Todesopfer\u00a0zur Folge, davon sind ein Drittel Kinder und ein weiteres Drittel Senioren. Die meisten von ihnen sterben &hellip;","protected":false},"author":3,"featured_media":0,"parent":109,"menu_order":100,"comment_status":"closed","ping_status":"open","template":"","meta":{"ngg_post_thumbnail":0,"_mc_calendar":[]},"_links":{"self":[{"href":"https:\/\/www.feuerwehr-kuden.de\/wcms\/wp-json\/wp\/v2\/pages\/183"}],"collection":[{"href":"https:\/\/www.feuerwehr-kuden.de\/wcms\/wp-json\/wp\/v2\/pages"}],"about":[{"href":"https:\/\/www.feuerwehr-kuden.de\/wcms\/wp-json\/wp\/v2\/types\/page"}],"author":[{"embeddable":true,"href":"https:\/\/www.feuerwehr-kuden.de\/wcms\/wp-json\/wp\/v2\/users\/3"}],"replies":[{"embeddable":true,"href":"https:\/\/www.feuerwehr-kuden.de\/wcms\/wp-json\/wp\/v2\/comments?post=183"}],"version-history":[{"count":5,"href":"https:\/\/www.feuerwehr-kuden.de\/wcms\/wp-json\/wp\/v2\/pages\/183\/revisions"}],"predecessor-version":[{"id":187,"href":"https:\/\/www.feuerwehr-kuden.de\/wcms\/wp-json\/wp\/v2\/pages\/183\/revisions\/187"}],"up":[{"embeddable":true,"href":"https:\/\/www.feuerwehr-kuden.de\/wcms\/wp-json\/wp\/v2\/pages\/109"}],"wp:attachment":[{"href":"https:\/\/www.feuerwehr-kuden.de\/wcms\/wp-json\/wp\/v2\/media?parent=183"}],"curies":[{"name":"wp","href":"https:\/\/api.w.org\/{rel}","templated":true}]}}